{"id":446,"date":"2021-04-14T19:08:58","date_gmt":"2021-04-14T16:08:58","guid":{"rendered":"https:\/\/srialoveni.md\/?page_id=446"},"modified":"2021-06-11T13:31:06","modified_gmt":"2021-06-11T10:31:06","slug":"pentru-medici","status":"publish","type":"page","link":"https:\/\/srialoveni.weblucas.info\/?page_id=446","title":{"rendered":"Pentru medici"},"content":{"rendered":"\t\t<div data-elementor-type=\"wp-page\" data-elementor-id=\"446\" class=\"elementor elementor-446\">\n\t\t\t\t\t\t<section class=\"elementor-section elementor-top-section elementor-element elementor-element-c732ceb elementor-section-boxed elementor-section-height-default elementor-section-height-default\" data-id=\"c732ceb\" data-element_type=\"section\" data-e-type=\"section\">\n\t\t\t\t\t\t<div class=\"elementor-container elementor-column-gap-default\">\n\t\t\t\t\t<div class=\"elementor-column elementor-col-100 elementor-top-column elementor-element elementor-element-be09fe0\" data-id=\"be09fe0\" data-element_type=\"column\" data-e-type=\"column\">\n\t\t\t<div class=\"elementor-widget-wrap elementor-element-populated\">\n\t\t\t\t\t\t<div class=\"elementor-element elementor-element-1fcecec elementor-widget elementor-widget-heading\" data-id=\"1fcecec\" data-element_type=\"widget\" data-e-type=\"widget\" data-widget_type=\"heading.default\">\n\t\t\t\t<div class=\"elementor-widget-container\">\n\t\t\t\t\t<h2 class=\"elementor-heading-title elementor-size-default\">Pentru medici<\/h2>\t\t\t\t<\/div>\n\t\t\t\t<\/div>\n\t\t\t\t<div class=\"elementor-element elementor-element-746a1da elementor-widget-divider--view-line_text elementor-widget-divider--element-align-center elementor-widget elementor-widget-divider\" data-id=\"746a1da\" data-element_type=\"widget\" data-e-type=\"widget\" data-widget_type=\"divider.default\">\n\t\t\t\t<div class=\"elementor-widget-container\">\n\t\t\t\t\t\t\t<div class=\"elementor-divider\">\n\t\t\t<span class=\"elementor-divider-separator\">\n\t\t\t\t\t\t\t<span class=\"elementor-divider__text elementor-divider__element\">\n\t\t\t\t\u0420\u0430\u0437\u0434\u0435\u043b\u0438\u0442\u0435\u043b\u044c\t\t\t\t<\/span>\n\t\t\t\t\t\t<\/span>\n\t\t<\/div>\n\t\t\t\t\t\t<\/div>\n\t\t\t\t<\/div>\n\t\t\t\t<div class=\"elementor-element elementor-element-6cd29dc elementor-widget elementor-widget-heading\" data-id=\"6cd29dc\" data-element_type=\"widget\" data-e-type=\"widget\" data-widget_type=\"heading.default\">\n\t\t\t\t<div class=\"elementor-widget-container\">\n\t\t\t\t\t<h2 class=\"elementor-heading-title elementor-size-default\">Stima\u0163i medici \u0219i farmaci\u015fti, asisten\u021bi medicali \u0219i infirmieri, angaja\u0163i ai IMSP SR Ialoveni \u0219i a sistemului na\u021bional de s\u0103n\u0103tate!<\/h2>\t\t\t\t<\/div>\n\t\t\t\t<\/div>\n\t\t\t\t\t<\/div>\n\t\t<\/div>\n\t\t\t\t\t<\/div>\n\t\t<\/section>\n\t\t\t\t<section class=\"elementor-section elementor-top-section elementor-element elementor-element-54b2aa0 elementor-section-boxed elementor-section-height-default elementor-section-height-default\" data-id=\"54b2aa0\" data-element_type=\"section\" data-e-type=\"section\">\n\t\t\t\t\t\t<div class=\"elementor-container elementor-column-gap-default\">\n\t\t\t\t\t<div class=\"elementor-column elementor-col-100 elementor-top-column elementor-element elementor-element-7a3fcf0\" data-id=\"7a3fcf0\" data-element_type=\"column\" data-e-type=\"column\">\n\t\t\t<div class=\"elementor-widget-wrap elementor-element-populated\">\n\t\t\t\t\t\t<div class=\"elementor-element elementor-element-f0e7b5b elementor-widget elementor-widget-text-editor\" data-id=\"f0e7b5b\" data-element_type=\"widget\" data-e-type=\"widget\" data-widget_type=\"text-editor.default\">\n\t\t\t\t<div class=\"elementor-widget-container\">\n\t\t\t\t\t\t\t\t\t<p>Cu prilejul Zilei Lucr\u0103torului Medical \u015fi a Farmacistului anul 2021, V\u0103 exprim\u0103m \u00eenalt\u0103 apreciere \u0219i recuno\u015ftin\u0163\u0103 pentru profesionalism \u0219i verticalitate, curaj \u0219i rezisten\u021b\u0103, d\u0103ruire total\u0103 \u0219i exigen\u021b\u0103 fa\u021b\u0103 de sine &#8212; calit\u0103\u021bi ce v\u0103 definesc \u00eentru totul.<\/p><p>V\u0103 mul\u021bumim pentru responsabilitatea pe care v-o asuma\u021bi atunci c\u00e2nd via\u021ba unui om depinde de precizia deciziilor luate \u0219i de calitatea actului medical, pentru faptul c\u0103 v\u0103 \u00eendeplini\u021bi destoinic \u0219i onorabil misiunea.<\/p><p>\u00cen aceast\u0103 perioad\u0103 complicat\u0103, \u00een special pentru \u00eentreg sistemul de s\u0103n\u0103tate, dar \u0219i pentru societate \u00een general, sper\u0103m c\u0103 s-a con\u0219tientizat c\u0103 s\u0103n\u0103tatea este primordial\u0103, iar rolul lucr\u0103torilor medicali \u0219i a farmaci\u0219tilor este unul vital.<\/p><p>Stim\u0103 \u0219i gratitudine tuturor celor care lupt\u0103 cu noul tip de coronavirus \u0219i manifest\u0103 devotament \u0219i perseveren\u021b\u0103, \u00een pofida extenu\u0103rii fizice \u0219i morale, veghind, zi \u0219i noapte, s\u0103n\u0103tatea oamenilor \u015fi salv\u00e2nd vie\u021bi.\u00a0<\/p><p>V\u0103 dorim s\u0103 ave\u0163i parte de mult\u0103 s\u0103n\u0103tate, de respect din partea colegilor \u0219i a pacien\u0163ilor, de sus\u021binere \u0219i apreciere la justa valoare din partea autorit\u0103\u021bilor, iar \u00een familiile Dumneavoastr\u0103 s\u0103 d\u0103inuie pacea, dragostea \u0219i armonia!\u00a0<\/p><p>La mul\u021bi ani, dragi colegi, spre noi ascensiuni \u0219i performan\u021be profesionale \u0219i s\u0103 v\u0103 bucura\u021bi de \u00eempliniri personale al\u0103turi de oamenii dragi!<\/p><p>\u00a0<\/p><p>\u00a0 \u00a0Cu profund respect,\u00a0 \u00a0 \u00a0 \u00a0 \u00a0 \u00a0<\/p><p>\u00a0Director IMSP SR Ialoveni\u00a0 \u00a0 \u00a0 Dinu \u0218ARGU\u00a0 \u00a0 \u00a0 \u00a0 \u00a0 \u00a0 \u00a0 \u00a0 \u00a0 \u00a0 \u00a0 \u00a0 \u00a0 \u00a0<\/p>\t\t\t\t\t\t\t\t<\/div>\n\t\t\t\t<\/div>\n\t\t\t\t\t<\/div>\n\t\t<\/div>\n\t\t\t\t\t<\/div>\n\t\t<\/section>\n\t\t\t\t<\/div>\n\t\t","protected":false},"excerpt":{"rendered":"<p>Pentru medici \u0420\u0430\u0437\u0434\u0435\u043b\u0438\u0442\u0435\u043b\u044c Stima\u0163i medici \u0219i farmaci\u015fti, asisten\u021bi medicali \u0219i infirmieri, angaja\u0163i ai IMSP SR Ialoveni \u0219i a sistemului na\u021bional de s\u0103n\u0103tate! Cu prilejul Zilei Lucr\u0103torului Medical \u015fi a Farmacistului anul 2021, V\u0103 exprim\u0103m \u00eenalt\u0103 apreciere \u0219i recuno\u015ftin\u0163\u0103 pentru profesionalism \u0219i verticalitate, curaj \u0219i rezisten\u021b\u0103, d\u0103ruire total\u0103 \u0219i exigen\u021b\u0103 fa\u021b\u0103 de sine &#8212; calit\u0103\u021bi ce [&hellip;]<\/p>\n","protected":false},"author":1,"featured_media":0,"parent":0,"menu_order":0,"comment_status":"closed","ping_status":"closed","template":"","meta":{"site-sidebar-layout":"no-sidebar","site-content-layout":"page-builder","ast-site-content-layout":"","site-content-style":"default","site-sidebar-style":"default","ast-global-header-display":"","ast-banner-title-visibility":"","ast-main-header-display":"","ast-hfb-above-header-display":"","ast-hfb-below-header-display":"","ast-hfb-mobile-header-display":"","site-post-title":"disabled","ast-breadcrumbs-content":"","ast-featured-img":"disabled","footer-sml-layout":"","theme-transparent-header-meta":"default","adv-header-id-meta":"","stick-header-meta":"","header-above-stick-meta":"","header-main-stick-meta":"","header-below-stick-meta":"","astra-migrate-meta-layouts":"default","ast-page-background-enabled":"default","ast-page-background-meta":{"desktop":{"background-color":"var(--ast-global-color-4)","background-image":"","background-repeat":"repeat","background-position":"center center","background-size":"auto","background-attachment":"scroll","background-type":"","background-media":"","overlay-type":"","overlay-color":"","overlay-opacity":"","overlay-gradient":""},"tablet":{"background-color":"","background-image":"","background-repeat":"repeat","background-position":"center center","background-size":"auto","background-attachment":"scroll","background-type":"","background-media":"","overlay-type":"","overlay-color":"","overlay-opacity":"","overlay-gradient":""},"mobile":{"background-color":"","background-image":"","background-repeat":"repeat","background-position":"center center","background-size":"auto","background-attachment":"scroll","background-type":"","background-media":"","overlay-type":"","overlay-color":"","overlay-opacity":"","overlay-gradient":""}},"ast-content-background-meta":{"desktop":{"background-color":"var(--ast-global-color-5)","background-image":"","background-repeat":"repeat","background-position":"center center","background-size":"auto","background-attachment":"scroll","background-type":"","background-media":"","overlay-type":"","overlay-color":"","overlay-opacity":"","overlay-gradient":""},"tablet":{"background-color":"var(--ast-global-color-5)","background-image":"","background-repeat":"repeat","background-position":"center center","background-size":"auto","background-attachment":"scroll","background-type":"","background-media":"","overlay-type":"","overlay-color":"","overlay-opacity":"","overlay-gradient":""},"mobile":{"background-color":"var(--ast-global-color-5)","background-image":"","background-repeat":"repeat","background-position":"center center","background-size":"auto","background-attachment":"scroll","background-type":"","background-media":"","overlay-type":"","overlay-color":"","overlay-opacity":"","overlay-gradient":""}},"footnotes":""},"class_list":["post-446","page","type-page","status-publish","hentry"],"_links":{"self":[{"href":"https:\/\/srialoveni.weblucas.info\/index.php?rest_route=\/wp\/v2\/pages\/446","targetHints":{"allow":["GET"]}}],"collection":[{"href":"https:\/\/srialoveni.weblucas.info\/index.php?rest_route=\/wp\/v2\/pages"}],"about":[{"href":"https:\/\/srialoveni.weblucas.info\/index.php?rest_route=\/wp\/v2\/types\/page"}],"author":[{"embeddable":true,"href":"https:\/\/srialoveni.weblucas.info\/index.php?rest_route=\/wp\/v2\/users\/1"}],"replies":[{"embeddable":true,"href":"https:\/\/srialoveni.weblucas.info\/index.php?rest_route=%2Fwp%2Fv2%2Fcomments&post=446"}],"version-history":[{"count":7,"href":"https:\/\/srialoveni.weblucas.info\/index.php?rest_route=\/wp\/v2\/pages\/446\/revisions"}],"predecessor-version":[{"id":569,"href":"https:\/\/srialoveni.weblucas.info\/index.php?rest_route=\/wp\/v2\/pages\/446\/revisions\/569"}],"wp:attachment":[{"href":"https:\/\/srialoveni.weblucas.info\/index.php?rest_route=%2Fwp%2Fv2%2Fmedia&parent=446"}],"curies":[{"name":"wp","href":"https:\/\/api.w.org\/{rel}","templated":true}]}}